 -236. Let c = 13 - 9. Calculate the remainder when (c - -69) + (2 - 1) is divided by v.
14
Let g(q) = -5*q - 16. Let s be g(5). Let n(m) = 3*m**2 - 6*m + 5. Let p be n(5). Let k = p + s. What is the remainder when 25 is divided by k?
7
Let n(h) = 12*h**2 + 188*h + 378. Calculate the remainder when 2048 is divided by n(-2).
48
Suppose 5586*h = 5583*h + 15 + 69. Let x be (-16)/(-5) + 1/(-5). Calculate the remainder when h is divided by 1/(x/(-10))*-3.
8
Suppose 0 = 19*o - 588 - 1846 - 796. Calculate the remainder when o is divided by 24.
2
Let c(z) = 394*z**2 - 3*z + 1. What is the remainder when c(1) is divided by 5?
2
Let x = 14775 - 14619. What is the remainder when x is divided by 48?
12
Let w be 137 - (1/2 + 10/20). Suppose -131*s = -w*s + 105. What is the remainder when 40 is divided by s?
19
Let f be 3 + (-24)/4 - 27. Let v = 86 + f. Suppose -57 = -9*g + 6*g. What is the remainder when v is divided by g?
18
Suppose 0 = -2*z - 6, -3*z - 8 = 2*y + z. Suppose -y*s + 35 = -3*c, 6*s - 5*c + 15 = 10*s. Calculate the remainder when 95 is divided by s.
5
Let u(q) = 13*q + 82. Let i be u(-3). Let z = 70 + i. Calculate the remainder when 449 is divided by z.
110
Suppose 168 = 6*a - 20*a. Let l = 35 + a. What is the remainder when (-182)/(-2) - (1 + (2 - 2)) is divided by l?
21
Let b(s) = -54*s**2 + 376*s + 23. What is the remainder when 1947 is divided by b(7)?
3
Let c = -63 - -94. Suppose 68 = -27*y + c*y. Let i(n) = 13*n**2 - 3*n + 2. Calculate the remainder when i(2) is divided by y.
14
Suppose -7*j - 5 = -96. Suppose -j*p = -5*p - 408. What is the remainder when p is divided by 11?
7
Suppose 184 = -m - 2*q, -5*m = -3*m - 4*q + 352. Let v = m + 549. Calculate the remainder when v is divided by 31.
28
Suppose -3*r + 922 = 4*t - 365, 5*t + r - 1617 = 0. Suppose -2*i + 2*d = -156, 0 = -4*i + d - 0*d + t. Calculate the remainder when i is divided by 7.
5
Let a = 36 + -28. Let w = 11 + 0. Calculate the remainder when (-82)/a*(w - 15) is divided by 7.
6
Let o(q) = -131*q + 4132. Calculate the remainder when o(31) is divided by 25.
21
Let n = -11386 + 11471. Suppose 3*h = o + 20 + 25, 4*o = h - 15. What is the remainder when n is divided by h?
10
Suppose 3*j = 2*u - 2302, -2*j - 5 = u - 1163. What is the remainder when u is divided by 34?
32
Let p(h) = 44*h + 545. Calculate the remainder when 158 is divided by p(-9).
9
What is the remainder when (-1)/13*(64 + -23243) is divided by 223?
222
Suppose 2*i - 27 = 71. Calculate the remainder when i is divided by (19 - 304/24) + 4/(-12) - (-18)/2.
4
Suppose 8 = -2*c + 54. Suppose -3*h - m + 27 = 0, -6*h + 4*h + 23 = -m. Suppose -252 = -h*o + 4*o. What is the remainder when o is divided by c?
19
Let f(n) = 19*n + 1285. What is the remainder when f(-50) is divided by 113?
109
Let f(s) = 5*s**2 + 59*s + 93. What is the remainder when 283 is divided by f(-11)?
38
Let d = 34 - 37. Let b be -2*(d + 2 + 0). Suppose -2 = b*k - 5*h, 0 = -2*k - 2*h + 3 + 23. Calculate the remainder when 25 is divided by k.
7
Calculate the remainder when (-13)/(((-23)/(178825/50))/(3 + -1)) is divided by 57.
53
Suppose 5*v + 29 + 9 = y, 5*v = -3*y - 26. Let t(q) = -q**3 - 4*q**2 + 7*q + 5. Let m be t(v). Let g = 108 - m. What is the remainder when 17 is divided by g?
2
Let a be 1/(-4) - (-58)/8. Suppose 0 = -2*c - 4*q + 30, -2*c - 2*q + 27 + a = 0. Calculate the remainder when (-3096)/(-2580) + 179/5 is divided by c.
18
Calculate the remainder when (7 - 437)*7/(-14) is divided by (-358)/(-10) - -3*(-2)/(-30).
35
Suppose 5*d = -5*p - 9*p + 126, -p + 4 = 0. What is the remainder when 109 is divided by d?
11
Calculate the remainder when (2 - 9 - -902) + (-12)/(-6) + 2 is divided by 10.
9
What is the remainder when (12/54)/((-3)/(-4239)) is divided by 46?
38
Let o(p) = 2*p**2 + 19*p + 19. Let b be o(-8). Let i(a) = -a**2 - 9*a - 6. Calculate the remainder when ((-150)/24)/(1/(-4)) is divided by i(b).
11
Suppose -3*c + 2*v = -571, 0 = 4*c - 0*v + v - 787. What is the remainder when 787 is divided by c?
7
Suppose 198*l - 33662 + 11436 = 26482. What is the remainder when l is divided by 53?
34
Let a = 450 + -190. Suppose -4*p - 74 = -q - 22, -5*q - 2*p + a = 0. Calculate the remainder when q is divided by 19.
14
Suppose 2*v + v - z - 425 = 0, -2*v + 294 = 2*z. What is the remainder when v is divided by 11?
0
Suppose 5*m + 40 = -5*x, x + 5*m = -3*x - 37. Calculate the remainder when 18 is divided by (152/(-190))/(x/((-150)/(-4))).
8
Let n(u) = -14*u**2 - 66*u - 135. Let w(o) = -6*o**2 - 32*o - 68. Let c(g) = -2*n(g) + 5*w(g). Calculate the remainder when 181 is divided by c(-8).
25
Let q(z) = -4*z - 14 + z + 1 + 2*z + 10*z. Let w(k) = 2*k - 10. Let l be w(7). What is the remainder when 84 is divided by q(l)?
15
Let r(p) = 40*p**2 + 16*p + 38. Calculate the remainder when r(-3) is divided by 3.
2
Suppose -u = -z - 14, u + 2*z - 26 = -z. Let r(p) = -9*p**2 - 8*p. Let c be r(-3). Calculate the remainder when (1 - 1) + (-9 - c) is divided by u.
14
Let g = 112 - 66. What is the remainder when g is divided by (22/(-5))/((-448)/(-336)*(-3)/10)?
2
Suppose 0 = 116*m - 8304 - 21160. What is the remainder when m is divided by 59?
18
Suppose -2*i + 5*k + 518 = 0, 2*i = k + 262 + 248. Calculate the remainder when i is divided by 11.
1
Suppose 0 = -5*g + 2*z + 301, 4*g + 4*z - 120 = 132. Calculate the remainder when 185 is divided by g.
2
Let b(f) = f**2 + 206*f - 1456. Calculate the remainder when 125 is divided by b(7).
20
Let v(j) = -j**3 - 4*j**2 + 10*j - 7. Let l be v(-6). Suppose -l*d - h - 17 + 74 = 0, -3*d = -4*h - 48. What is the remainder when 154 is divided by d?
10
Suppose -1501 = -8*c - 184 - 501. What is the remainder when c is divided by -2 - (2 + -41)*1?
28
Let y(t) = 7*t**2 + 17*t + 20. Let w be y(-11). Suppose -x - 680 = -4*q, -4*q + 3*x + w = -2*x. What is the remainder when q is divided by 44?
38
Let n(t) = -21*t - 146. Let w be n(8). Let k = -250 - w. What is the remainder when 124 is divided by k?
60
Suppose h + i - 197 = 5*h, -20 = -4*i. Let f = -51 - h. Let l(z) = -4*z**3 + 3*z**2 + 4*z + 7. What is the remainder when l(f) is divided by 33?
31
Calculate the remainder when 1320/110 + 3666/2 is divided by 8.
5
Let h = -25477 - -26316. What is the remainder when h is divided by 9?
2
Let j = -1645 - -1687. What is the remainder when 419 is divided by j?
41
Suppose 0 = -43*q + 38*q + 5*p + 1535, -3*q = 3*p - 963. What is the remainder when 885 is divided by q?
257
Let m(t) = -t**3 - 12*t**2 - 36*t - 1. Let c be m(-5). Suppose 0 = -b - 5*v + 40, 0 = 4*b + 7*v - c*v - 245. What is the remainder when b is divided by 35?
30
Let h(o) = -o**3 + 11*o**2 - 13*o + 35. Let w be h(10). Suppose -2*m + 64 = w*q + m, -q + 5*m + 24 = 0. Calculate the remainder when 82 is divided by q.
12
Suppose 0 = 3*g, -2*x - 4*g - 67 = -3*x - 5*g. Suppose -5*t + 20 = 4*q, t - 2*q - 4 = 2*q. Calculate the remainder when x is divided by t.
3
Let z(y) = 13 + 0*y + y - 3. Suppose 16*u - 581 - 283 = 0. What is the remainder when u is divided by z(10)?
14
Let i be 2/((-12)/(-5) + 24/(-60)). What is the remainder when (-80 - 1/i)*4/(-3) is divided by 19?
13
Calculate the remainder when 1031 is divided by ((-28 - -22) + (-2)/3 + 0)*-39.
251
Let t = 4 + 25. Let j = t - 19. Suppose 2*d - 2 = 1 + 9, 3*u + d - 123 = 0. What is the remainder when u is divided by j?
9
Suppose 0 = 17*v - 10*v - 28. Suppose -2*o - k + 86 = k, -o - v*k + 43 = 0. Calculate the remainder when o is divided by 27.
16
Let k = -599 - -718. Let q = -102 + k. Calculate the remainder when 60 is divided by q.
9
Suppose -50 = -3*x - 155. Let v = x + 87. Let h = v - 28. Calculate the remainder when h is divided by 7.
3
What is the remainder when (-1)/(-11 + (-247320)/(-22485)) is divided by 50?
49
Let a = 283 + -337. What is the remainder when ((-134)/4)/(27/a) is divided by 12?
7
Let v(i) = 2*i**2 - 19*i + 9. Let l be v(9). Suppose l = 12*h - 57 - 15. Calculate the remainder when 33/h + (-5)/(-10) is divided by 5.
1
Suppose 0 = -63*j + 986011 - 354392 + 551710. What is the remainder when j is divided by 93?
90
Calculate the remainder when 1660 is divided by (192/(-10))/(-3 + -24*(-144)/1280).
60
Let b(i) = -55*i - 3. Suppose -4*x = 9*l + 12, -31 = -15*x + 16*x + 4*l. What is the remainder when b(-3) is div